hest common divisor of q and d.
24
Let k(q) = -2*q**3 - 13*q**2 + 166*q - 18. Let a be k(-16). What is the highest common factor of 60 and a?
30
Let h(f) = -3*f - 38. Let m be h(-18). Let n(j) = j**3 - 14*j**2 - 33*j + 29. Let r be n(m). Calculate the highest common divisor of 13 and r.
13
Suppose 9 = 2*w - 3*l, -19 - 66 = -5*w - 5*l. Calculate the highest common factor of w and 756.
12
Suppose 21*n + 52470 = 117*n + 14*n. What is the highest common divisor of n and 3498?
159
Let s = 52 - 16. Let v be 0*(-4 - -3)/(-3 - -2). Suppose -6*t + v*t + 24 = 0. What is the highest common divisor of t and s?
4
Suppose -40*i = -35*i - 5*q - 3885, 3*q - 3861 = -5*i. Calculate the greatest common factor of 1098 and i.
18
Suppose s = 3*s - 80. Let p be 196/(-8)*(-7 + 5). Suppose 920 = -3*u + p*u. Calculate the highest common factor of s and u.
20
Let b be (-1029)/(-98)*4/(-6) + 403. Calculate the highest common factor of 2013 and b.
33
Suppose -12 = 11*l + 142. Let z be (l/4 - -3)/((-1)/408). Calculate the greatest common factor of z and 24.
12
Suppose 6*p - 10*p + 556 = 4*j, -2*j - 5*p = -290. Suppose -5 = -2*d + 2*m + 33, 3*m - j = -5*d. Calculate the highest common factor of 48 and d.
24
Let z(k) = -2*k**2 - 26*k + 9. Let d be 2/17 - (-304)/17. Suppose 9*v - d*v = 117. Let b be z(v). Calculate the greatest common divisor of 45 and b.
9
Let o be (-2)/4 + (261/18 - 19) + 6. What is the highest common divisor of o and 659?
1
Let f(j) be the second derivative of 7*j**3/3 + 2*j**2 + 20*j. Let x be f(-5). Let g be (38/(-4))/(11/x). Calculate the highest common divisor of 38 and g.
19
Let h(r) = r**3 - 4*r**2 - 3*r + 35. Let x be h(5). Let j be 12 + -9 - 6/(-2). What is the greatest common factor of x and j?
3
Suppose -2*b + 11*b = 45. Let a(x) = 2*x**2 + 7*x - 51. Let d be a(b). Calculate the greatest common factor of 51 and d.
17
Suppose -184 = 12*n - 533 - 191. Suppose 823 + 2552 = 3*f. Calculate the greatest common factor of f and n.
45
Let k = 1 - -29. Let g = -30 + k. Suppose h - 25 = -g. Calculate the greatest common divisor of h and 10.
5
Let o be (-174)/30 + 5 + (-2665396)/(-170). Calculate the greatest common factor of o and 18.
18
Suppose 0 = -344*s + 336*s + 528. Suppose 0 = -3*o - 0*o. Suppose -6*a + 3*a + 66 = o. What is the highest common factor of a and s?
22
Suppose -743 = -46*a - 191. What is the greatest common factor of 708 and a?
12
Let q(d) = d + 10. Let x be q(-8). Suppose 2*s - 31 = -5*b, 11 = 3*b + x. Let p be 3 - (-51 + 0 + -2). Calculate the greatest common divisor of p and s.
8
Suppose 5*i + 0*k = k + 12, -5*i = k - 8. Let f be ((-13)/3)/(i/(-6)). Calculate the greatest common divisor of 403 and f.
13
Suppose 4*s - 11*g = -15*g + 17008, -4*g = -s + 4212. Calculate the highest common divisor of 1 and s.
1
Let q = 27 + -29. Let b be (-195)/q + (-2)/(-4). Let s = b - -10. What is the greatest common factor of s and 36?
36
Suppose 0 = k - 0*k - 33. Suppose u - k = -3. Let q = 341 + -321. Calculate the greatest common factor of u and q.
10
Let c = 663 + -429. Let r = -226 + c. Suppose x + 32 = 3*x. Calculate the highest common divisor of x and r.
8
Let q(y) = -22*y**3 - 442*y**2 - 59*y + 4. Let z be q(-20). Calculate the highest common divisor of 1184 and z.
32
Let d(b) = -7*b - 70. Let f(a) = 13*a + 140. Let g(x) = -13*d(x) - 6*f(x). Let p be g(0). What is the greatest common factor of 14 and p?
14
Suppose 4*x - 2994 = 2*n, -5*x + 4*n + 0*n + 3744 = 0. Suppose -5*q + 194 = 4*m - m, 4*q = m - 76. Calculate the greatest common divisor of x and m.
68
Suppose i + 4*w + 2 = 0, w - 19 = -i + 4*w. Let t be 10*7/(7/11). Let u = t - 108. Calculate the greatest common divisor of i and u.
2
Suppose -58347 = -2*b - 5*r, -20*b - 3*r = -17*b - 87498. Calculate the greatest common factor of 241 and b.
241
Suppose -20*s = -84*s + 11264. Calculate the greatest common divisor of s and 80.
16
Let l(f) = -8*f - 11. Let z be l(8). Let p be (36/(-10))/((-15)/z). Let t = p - -106. What is the greatest common factor of t and 22?
22
Let u(x) = 5*x - 17. Let a be u(5). Suppose a*o - 580 = 4*o. What is the greatest common divisor of o and 58?
29
Let m(p) = 15*p**2 + 211*p + 23. Let u be m(-14). What is the highest common divisor of u and 7083?
9
Let f(t) = -t**3 - 8*t**2 - 26*t - 63. Let m be f(-7). Suppose 55*c = 48*c + m. Calculate the greatest common factor of c and 70.
10
Suppose 42*p = 46*p - 20. Suppose 0 = 7*m - 9 - p. Calculate the greatest common divisor of m and 10.
2
Let i(a) = 4*a**2 - 18*a + 45. Let q be i(5). Suppose 2*g = -3*y + 49, 2*y - 2*g = -3*y + q. What is the highest common factor of 65 and y?
13
Let j(k) = 55*k - 104. Let l be j(4). What is the highest common divisor of 551 and l?
29
Let g(x) = x**3 + 23*x**2 + 122*x - 90. Let o be g(25). Calculate the greatest common divisor of o and 10.
10
Let l = 629 + -376. Suppose -25*c + l = -14*c. What is the highest common factor of c and 3?
1
Let m(c) = 2*c**2 + 6*c + 17. Let f be m(8). Let i = f - 33. Suppose 0*j = -8*j + i. Calculate the greatest common divisor of j and 10.
10
Suppose 37522*r = 37502*r + 5200. Calculate the highest common divisor of r and 3068.
52
Suppose -4*k + 28 = k + 4*j, 3*j = -3*k + 18. Let g be -5*k/(-30) + (-170)/(-15). What is the highest common divisor of 12 and g?
12
Suppose -3 = 5*f - 8. Let l be (-4 + -26)*f/(-2). Let u be 330*(-5)/(-3)*(-270)/(-900). Calculate the greatest common divisor of l and u.
15
Let s(l) = l**3 + 11*l**2 - 4*l + 18. Let j(q) = q**2 - 7*q - 38. Let r be j(10). Let m be s(r). What is the highest common divisor of 22 and m?
22
Let s be (-5)/(-2)*16/5. Let f(b) = -4*b**3 - 11*b**2 - 22*b + 4. Let p be f(-2). What is the highest common divisor of s and p?
4
Let c = 107 + -49. Let g = 96 - c. Suppose 30*m + 6173 = 10733. Calculate the highest common factor of m and g.
38
Let j(p) = 3*p**2 + 3. Let y be j(4). Let q be (-2)/3 + 1870/y. Suppose -i + 8 + q = 2*k, -5*k + 240 = 5*i. What is the highest common factor of 13 and i?
13
Let y(a) be the first derivative of 11*a**3/3 + 2*a - 3. Let g be y(2). Let l be ((-56)/(-5) + -11)/(2/230). What is the greatest common divisor of l and g?
23
Suppose 0 = -48*h + 44*h + 160. Let k = -2 - -2. Suppose 5 = -2*l - 5*g, k = 5*l - 2*g + 7 - 67. Calculate the highest common factor of l and h.
10
Suppose -7*z = -12*z + 300. Suppose -2*r = -5*r - 18. Let o be 6/(3/(-60)*r). Calculate the greatest common divisor of z and o.
20
Let u(y) = y**3 - 23*y**2 + 25*y - 35. Let s be u(23). Let b = s - 309. Calculate the highest common divisor of 21 and b.
21
Suppose 4*n + 638 = 6*n - 3*y, -y = n - 329. Suppose 61 = -22*l + n. Let m be (-1)/(-5) + (-2629)/(-55). Calculate the highest common factor of m and l.
12
Let i(w) = 10*w - 4. Let v be i(2). Suppose 3*d + v - 1 = 0, 3*m + 2*d - 1292 = 0. Calculate the highest common factor of 14 and m.
14
Let u be -1*(-106 - 2)/6. Let r = u - -20. What is the highest common divisor of 133 and r?
19
Let s = -181 + 379. Suppose -2*i + 5 = -1. Let j(v) = 6*v + 4. Let g be j(i). What is the greatest common divisor of g and s?
22
Let z be -3 + (1943 - (-12)/(-4)). Calculate the highest common divisor of z and 65.
13
Let d be 1658/9 + 6/(-27). Suppose -s = -a + d, 450 = 4*a - 2*s - 278. Calculate the highest common divisor of a and 12.
12
Let s(d) = -2*d - 7. Let i = 0 + -1. Let p be s(i). Let z(j) = -11*j - 7. Let a be z(p). Calculate the highest common factor of 384 and a.
48
Suppose 5298*j = 5263*j + 48020. Calculate the greatest common divisor of 490 and j.
98
Suppose -n - 19 = -2*n + 4*p, -n + 25 = -p. Calculate the highest common factor of n and 1728.
27
Let n(u) = 61*u - 295. Let g be n(5). Suppose 4*b + 4*m - 188 = 0, -3*b + 4*m + 192 = 30. What is the greatest common factor of b and g?
10
Suppose 165*u - 66*u = 118 + 19682. Calculate the greatest common factor of 220 and u.
20
Suppose 0 = -11*j + 281 + 214. What is the highest common divisor of j and 390?
15
Let k = -22 + 38. Let q be 0 + ((-261)/(-6) - -3)*2. Suppose c = 4*l + q + 23, 446 = 4*c + 2*l. What is the highest common factor of k and c?
16
Let x be (-211)/633*(2 + -143)*6. Suppose -j + 12 = j. What is the greatest common divisor of x and j?
6
Let d = -93 + 104. Let x(l) = -5*l + 2. Let i be x(-2). Let m be ((-55)/15)/((-1